
Suppose 5*n - 135 = -25. Suppose -19*b + n*b - 186 = 0. Suppose 4*j - 6*j + b = 0. What are the prime factors of j?
31
Let h(z) = -18 + z**2 - 5*z - 16 + 8 + 4. What are the prime factors of h(19)?
2, 61
Suppose 3*z + g + 195 = -0*g, -9 = -3*g. Let w = 7 - z. List the prime factors of w.
73
Let o(k) = 149*k - 14. List the prime factors of o(1).
3, 5
Let f(q) = 24*q**2 - 10*q - 14. What are the prime factors of f(-4)?
2, 5, 41
Suppose 2*v - 9 - 11 = -2*y, 0 = 5*y + 3*v - 40. Suppose 2*r - 21 = -y*b, -3 = 2*r - 3*b - 0*b. List the prime factors of r.
3
Suppose 12 - 20 = -2*w. Suppose -m + 15 = -w*i, m + i = 2 + 8. What are the prime factors of m?
11
Suppose 43 + 12 = 2*g + 3*d, -g + 44 = -4*d. Let v be 24/g - (-10)/8. What are the prime factors of (12 - 8)/(v/5)?
2, 5
Suppose -d + 529 = 4*i, -2*d + 116 = 2*i - 156. Suppose -i = -5*g + 24. Suppose -119 = -n - 4*n - z, n + 2*z - g = 0. List the prime factors of n.
23
Suppose 1764 = 11*o - 5*o. What are the prime factors of (3 + -2)/(-2*(-3)/o)?
7
Suppose -5 = 2*g - 3*y, 3 - 10 = 4*g - 5*y. Let j be 4/12 + (-460)/(-6). Suppose g*a - 3*a = -j. List the prime factors of a.
7, 11
Let b(m) = -59*m + 235. List the prime factors of b(-8).
7, 101
Suppose 9*k = 3748 + 1697. What are the prime factors of k?
5, 11
Suppose 4*q - 62 + 14 = 0. Suppose 2*h - q = -3*i + i, 6 = -3*i + 3*h. Suppose -i*a = -r + 2*r - 6, 4 = -r - 4*a. What are the prime factors of r?
2
Let l = -28 - -40. Let f be -16 - 9/l*4. Let d = -2 - f. List the prime factors of d.
17
Let q(a) = -2*a + 10. Suppose 4*s - 34 = 3*j, 25 - 7 = -5*j - 3*s. What are the prime factors of q(j)?
2, 11
Let p = -24 + 34. List the prime factors of p + -6 + -3 + 1 + 183.
5, 37
Let l(t) = 2*t**2 - 18*t + 5. Let h be l(9). Suppose -5*f = 3*n - 620, 0 = -f - f + h*n + 217. List the prime factors of f.
11
Let t(l) be the first derivative of -l**4/4 - 4*l**3/3 - l**2/2 + 8*l - 8. What are the prime factors of t(-4)?
2, 3
Suppose 0 = 7*m + 3*m - 8130. What are the prime factors of m?
3, 271
Suppose 4*y - 386 = -2*l, 0 = l - 0*y + y - 193. List the prime factors of l.
193
Let h(s) = s**3 - 7*s**2 + 2*s + 8. Let w be h(8). Suppose 4*c = w + 76. What are the prime factors of c?
41
Let x(p) = p + 2. Let v be x(-2). List the prime factors of 101 + v + 0 - -3.
2, 13
Let h(i) = -i - 8. Let a be h(-8). Let j = 21 + a. List the prime factors of j.
3, 7
Let g(n) = 5 - 3*n - 2*n - 14 + 2*n. Let f be g(-4). Suppose -5*z - 5*m + 115 = 0, 2*z - f*m - 66 = -0*z. List the prime factors of z.
3
Let p = 22 - 16. Suppose -t + 0*t - q = -2, 5*t + 2*q - 19 = 0. Suppose -f - p*u + 5*u = -3, 55 = t*f - 5*u. What are the prime factors of f?
7
Let h = 1159 - 487. List the prime factors of h.
2, 3, 7
Suppose 0 = 5*g + 3*d - 10926, -4*g + 19*d = 24*d - 8733. What are the prime factors of g?
3
Let o = -53 + 15. Let q = o + 64. What are the prime factors of q?
2, 13
Suppose g - 57 + 12 = 0. Suppose -81 - g = -2*j. List the prime factors of j.
3, 7
Suppose -d = -2*d. Suppose d = -4*f - 5*k + 74, 3*k = 3 + 3. List the prime factors of f.
2
Suppose t - 610 = -0*t. Suppose -2*i + t = 3*i. What are the prime factors of i?
2, 61
Suppose 0 = l, 0 = 5*p + 5*l - 8 - 2. Suppose -p*a - r + 12 = 2*r, -4*a + 28 = 5*r. List the prime factors of a.
2, 3
Let h be (-4)/(-1 - -3) - -4. What are the prime factors of 2 + -2 + 274/h?
137
Let a = -127 + 222. What are the prime factors of a?
5, 19
Let t(f) = 3*f**2 - 2*f - 1. Let n be t(2). Suppose l = n*l - 318. List the prime factors of l.
53
Let d(a) = 47*a**2 - 80*a + 565. List the prime factors of d(7).
2, 577
Let p be (-1700)/(-6) + 7/(-21). Let m = -98 + p. List the prime factors of m.
5, 37
Let x be (8/(-2) + 3)*-3. Let c(i) = 5*i**2 + i - 2. Let g be c(x). Suppose 2*p - 2 = g. List the prime factors of p.
2, 3
Let c(r) = -r**3 - 14*r**2 - r + 3. Let p be c(-14). Let l = p - 13. List the prime factors of 44/4 - (-3 + l).
2, 5
Suppose 4*l + 2*j - 8 = 6, j = 3*l - 13. Let p be (14/l)/((-5)/(-10)). Let v = 35 - p. List the prime factors of v.
2, 7
Suppose 3*q - 3*y - 5430 = 0, 151*q - 150*q - 1810 = -y. What are the prime factors of q?
2, 5, 181
Let r be -14*(-2 + 4) - 2. Let j = r - -33. Suppose j*a - 5*a = -26. List the prime factors of a.
13
Suppose 4 + 31 = 5*h. Suppose -h - 61 = -a. What are the prime factors of a?
2, 17
List the prime factors of (-1353)/(-3) + (4 + -7 - -2).
2, 3, 5
Suppose 6*d - 2250 = 780. What are the prime factors of d?
5, 101
Let r(i) = -4*i - 21. Let o be r(-6). Suppose 56 + 1 = o*b. Suppose -y - 4*f = -35, -4*y + 211 - b = 3*f. List the prime factors of y.
3, 17
Let t = -369 + 536. Let q = t - 75. Suppose 3*n - q = -5*l, -3*l + 3*n = 7*n - 64. List the prime factors of l.
2
Suppose -38101 = -48*m + 20747. What are the prime factors of m?
2, 613
Suppose -k - 4*b - 1 = 0, -5*k = -2*b - 3*b - 20. Suppose 0 = k*j - 124 - 83. What are the prime factors of j?
3, 23
Let z = -3 - -3. Let a(x) = z - 3 + 5 + 17*x. List the prime factors of a(3).
53
Let k = -34 - -20. Let x(g) = -g**3 - 13*g**2 + 10*g - 18. Let p be x(k). Suppose -p - 43 = -3*v - 3*y, -3*y = v - 37. What are the prime factors of v?
2, 11
Let u(r) = -2*r**3 + 23*r**2 + 18*r - 19. List the prime factors of u(10).
461
Let p(u) = u + 9. Let i be p(-7). Let c(w) = 0*w + 1 + 4*w + 4*w**i - 1. List the prime factors of c(-3).
2, 3
Let m = -331 + 710. List the prime factors of m.
379
Suppose -2*h - 610 = -7*h. Suppose h = 2*t + 14. List the prime factors of t.
2, 3
Suppose -4*z - 336 = -4*g, 5*g - 419 = -0*z + 4*z. Let k = g + -62. What are the prime factors of k?
3, 7
Suppose 5*t = 3*t + 6. Suppose -2*a - 90 = -2*k, a + 90 = 2*k - t*a. List the prime factors of k.
3, 5
Let y(i) be the first derivative of -i**3/3 - 6*i**2 + 4*i - 1. Let p be 18/10*(-15)/(4 + -1). List the prime factors of y(p).
31
Let q(s) = 2*s**2 - 5. Let j = 20 + -18. Suppose -10 = -3*d - o, o + 11 = -j*d + 6*d. List the prime factors of q(d).
13
Let v(a) = a**2 - 24*a + 105. Let l be v(6). Let n be -2*1*(-1 + 2). What are the prime factors of (0 - 19)*n + l?
5, 7
Let p = 24 + 25. Let s = p - 26. What are the prime factors of s?
23
Let g be 2/(-4) + 143/22. Suppose 651 = d + g*d. List the prime factors of d.
3, 31
Let g(s) = 3*s**2 - 36*s - 3. What are the prime factors of g(24)?
3, 7, 41
Let p(f) be the second derivative of f**4/12 + 5*f**3/6 - 19*f**2/2 + 6*f. What are the prime factors of p(-8)?
5
Suppose 0 = 5*l + 2*k - 11, 0*k = l - k - 5. Let w be (6/(-10))/(l/(-15)). Suppose w*i = -i + 124. List the prime factors of i.
31
Let r(t) = 20*t + 5. Let h be r(-2). What are the prime factors of (-10)/h - (-1380)/21?
2, 3, 11
Suppose -4*k - 14 + 30 = 0. Suppose r - 279 = -6*d + 3*d, 2*d = -k*r + 1076. What are the prime factors of r?
3, 89
Let o(t) = -1 + 2 - 2 - 5*t. Let k be o(-6). Suppose -g + k = 2*a, g + 4*g - 17 = -2*a. List the prime factors of a.
2
Let k(j) = j**2 - 15*j + 13. Let o be k(13). Let b = 24 + o. What are the prime factors of b?
11
Let c be ((-8)/3)/(2/(-93)). Suppose 3*q = -q + c. Let z = -18 + q. List the prime factors of z.
13
Let x = 591 + -273. List the prime factors of x.
2, 3, 53
Let r(b) = -87*b - 1. Suppose 0 = 5*q - 2*y - 3, -5*y - 4 = -4*q - 3*y. List the prime factors of r(q).
2, 43
Suppose -4*t - 2286 = -2*i, -3*i - 2*i = -2*t - 5731. List the prime factors of i.
31, 37
Let g be 403/(-26) - (-1)/2. What are the prime factors of (-2 - g/9)/(12/(-7596))?
211
Let b be 2250/(-12)*16/(-6). Suppose 14*r = 9*r + b. What are the prime factors of r?
2, 5
Suppose 2*l = -u - u + 724, 2*l - 5*u = 745. List the prime factors of l.
5, 73
Let w(v) = -v + 8. Let s be w(-9). Suppose 0 = 6*z - s - 13. Suppose c = i + 47 + z, 5*c = i + 256. What are the prime factors of c?
3, 17
Suppose 4*z + 5*p = 4*p - 9, 5*p + 30 = -5*z. List the prime factors of (-2 - -54) + 3 + -5 + z.
7
Suppose n - 5*h = 2628, 0 = 4*n - 2*n + 3*h - 5308. List the prime factors of n.
2, 331
Let k = -170 - -238. List the prime factors of k.
2, 17
Let s be (-180)/(-50) - 4/(-10). Suppose -2*x + s*x = 8. Suppose 3*o + x*z - 20 = 0, 0 = o - z - 6 - 3. List the prime factors of o.
2
Let y(j) = 2 + 3 - 4 + 4 + 32*j. List the prime factors of y(2).
3, 23
Suppose 0 = 5*d + 4 + 1. Let t(j) = 3*j**2 - j - 1. Let f be t(d). What are t